onvert -3245423 (base 7) to base 5.
-100214333
What is -15a761 (base 12) in base 8?
-1324271
-a189a9 (base 13) to base 5
-1430320402
What is 564045 (base 11) in base 2?
11011011010110101010
What is -13a01 (base 11) in base 6?
-231513
b8f2d (base 16) to base 11
478181
Convert 336a2 (base 12) to base 6.
1244322
What is 121300030 (base 5) in base 8?
2134762
What is 8852107 (base 9) in base 10?
4758271
Convert -14034136 (base 8) to base 7.
-35601201
Convert 1002112001010 (base 3) to base 16.
8ddb3
Convert 240466 (base 13) to base 15.
11e17a
What is b2b561 (base 12) in base 15?
3a426a
What is 2233211 (base 5) in base 4?
21231332
-60a1d (base 15) to base 14
-7d752
Convert 563036 (base 7) to base 5.
11140442
Convert 1565a21 (base 13) to base 10.
6867342
Convert 1102340 (base 6) to base 8.
153324
-50352122 (base 6) to base 13
-3b0b49
Convert -9673a8 (base 11) to base 7.
-16102335
What is -37690 (base 12) in base 13?
-28356
Convert -1430444420 (base 5) to base 13.
-a1ac94
What is 11431144 (base 6) in base 10?
361864
What is -11111100000010111 (base 2) in base 11?
-88a56
Convert -dc0bb (base 14) to base 13.
-1584b8
What is -177cc3 (base 14) in base 13?
-230123
Convert -281a2 (base 11) to base 15.
-bd78
What is 206408 (base 10) in base 4?
302121020
Convert 111100011110111010 (base 2) to base 16.
3c7ba
What is -10212020212 (base 3) in base 2?
-10010100011100001
10400131 (base 8) to base 2
1000100000000001011001
Convert -1177229 (base 10) to base 15.
-183c1e
Convert ca4a3 (base 16) to base 2.
11001010010010100011
Convert -1ce83 (base 16) to base 6.
-2312055
Convert -23c29 (base 14) to base 16.
-1559d
Convert -30424443 (base 6) to base 16.
-d582b
655017 (base 10) to base 6
22012253
What is -23233222332 (base 4) in base 13?
-83a504
Convert -5226 (base 9) to base 14.
-1579
What is 11c928 (base 15) in base 8?
3201123
Convert -129877 (base 11) to base 8.
-615144
What is 10556506 (base 7) in base 8?
3410444
Convert 22003133 (base 5) to base 6.
4005554
Convert -19d19 (base 16) to base 2.
-11001110100011001
Convert -2130434 (base 8) to base 4.
-2023010130
What is 10514442 (base 8) in base 12?
914202
What is 13524542 (base 6) in base 5?
104244241
What is -13042153 (base 6) in base 4?
-1213321311
-11000111011010011 (base 2) to base 9
-165043
What is 13a44b2 (base 12) in base 3?
21102112220022
What is -53724776 (base 8) in base 2?
-101011111010100111111110
What is 22201010020 (base 3) in base 8?
516612
What is -1002122200101 (base 3) in base 16?
-8e810
What is 68a24 (base 11) in base 10?
99730
-53123433 (base 7) to base 10
-4493520
Convert -7557 (base 13) to base 3.
-211100120
Convert 1e2352 (base 16) to base 7.
22534242
57a1a (base 11) to base 6
1443425
-30376054 (base 8) to base 12
-2198210
What is 111011101110110011000 (base 2) in base 6?
105541240
Convert 10402706 (base 8) to base 16.
2205c6
-103201222 (base 4) to base 10
-79978
What is -210101120101 (base 3) in base 7?
-3402355
23544520 (base 7) to base 9
3843184
What is ca3432 (base 13) in base 7?
55234555
What is -1230032 (base 6) in base 7?
-363521
Convert 40025350 (base 6) to base 11.
6a8163
-299613 (base 10) to base 5
-34041423
What is 1a7b5 (base 12) in base 13?
14a95
Convert 2c78bd (base 14) to base 9.
2833537
What is -51086 (base 12) in base 6?
-2132250
What is -223223103 (base 4) in base 6?
-3500123
130220232 (base 4) to base 13
41508
What is 3211237 (base 8) in base 13?
23cc59
Convert 21012110212 (base 3) to base 16.
229cd
What is -4a5fe (base 16) in base 15?
-603e3
What is 20101121221 (base 3) in base 14?
33c0d
What is 5611365 (base 7) in base 14?
1402a5
Convert 455a6 (base 11) to base 7.
363150
Convert -31423022 (base 5) to base 12.
-108a35
Convert -1000200200010 (base 3) to base 14.
-1028c4
Convert -111332333031 (base 4) to base 2.
-10101111110111111001101
Convert 5bb31 (base 16) to base 8.
1335461
-2eac06 (base 16) to base 3
-12202101201222
1354625 (base 7) to base 11
114617
What is -31322000 (base 4) in base 13?
-1cc07
4311212211 (base 5) to base 8
42520572
Convert -40192c (base 15) to base 14.
-592d30
-2221000313 (base 4) to base 8
-2510067
What is -1103302 (base 7) in base 2?
-100001000111010010
bd1 (base 15) to base 11
2009
Convert -70196 (base 10) to base 4.
-101020310
What is 307154 (base 8) in base 12?
4b038
What is -11201001220 (base 3) in base 11?
-63663
-20500365 (base 8) to base 7
-52021450
Convert 211141054 (base 7) to base 15.
116cec7
What is -24617110 (base 8) in base 9?
-11222178
Convert 12635022 (base 7) to base 16.
11d4e9
-7c3b3 (base 14) to base 13
-a795a
-300323314 (base 5) to base 10
-1182959
Convert 1001000101111010011 (base 2) to base 10.
297939
What is 870d1 (base 14) in base 15?
66c14
643122 (base 9) to base 4
1131131222
-1935cb (base 14) to base 9
-1610816
-404210101 (base 6) to base 2
-11010011001111011110101
Convert -2306554 (base 7) to base 2.
-1000110010100111101
-b49380 (base 16) to base 15
-108b695
-6204263 (base 7) to base 11
-466818
Convert 6435604 (base 7) to base 9.
1422144
acd1d (base 14) to base 16
6674f
What is 515253 (base 8) in base 9?
280100
-4ba765 (base 12) to base 16
-12f2bd
What is 3240521 (base 6) in base 3?
22011201011
What is -1a7448 (base 15) in base 16?
-13afea
11324242 (base 5) to base 2
11001100111110011
-134554 (base 7) to base 12
-12a2a
300132111 (base 4) to base 7
1454601
Convert 21302023002 (base 4) to base 13.
6ba546
Convert -44626262 (base 8) to base 15.
-ca7ca9
What is 3114421 (base 5) in base 2?
1100100000100100
-4ea97 (base 15) to base 5
-31032032
Convert -47d7ac (base 14) to base 4.
-21113330330
What is 320233452 (base 6) in base 13?
1219757
90815 (base 10) to base 16
162bf
-c0c3 (base 16) to base 8
-140303
77210 (base 9) to base 10
51201
Convert 3256827 (base 9) to base 6.
101303041
Convert -138370 (base 10) to base 4.
-201302002
What is -1010001100011101000 (base 2) in base 8?
-1214350
What is -15307520 (base 8) in base 7?
-41556342
What is 1a7a1 (base 12) in base 6?
501121
159144 (base 10) to base 15
32249
Convert -54313212 (base 6) to base 10.
-1611656
-11130301300 (base 4) to base 15
-1d3447
What is 7601443 (base 10) in base 12?
2666b97
Convert 199246 (base 16) to base 9.
3133741
-313957 (base 10) to base 3
-120221200001
What is 33244 (base 15) in base 6?
3252214
What is -514100040 (base 6) in base 11?
-500aaa5
8294129 (base 11) to base 7
235240261
What is 3531626 (base 9) in base 6?
104540510
443441331 (base 5) to base 12
795003
What is -4330004 (base 5) in base 6?
-1325242
What is -694763 (base 11) in base 2?
-100001101100110111011
What is -5462973 (base 12) in base 8?
-75174347
What is 3303722 (base 8) in base 13?
2507c8
What is 564cb (base 15) in base 5?
32240331
Convert -14584b (base 12) to base 15.
-6b352
What is 111453022 (base 6) in base 7?
23243336
What is -3540422 (base 7) in base 4?
-1231011032
What is 120205 (base 12) in base 5?
33244342
What is 185754 (base 12) in base 8?
1474760
145aa45 (base 12) to base 4
33221321111
What is -101011111100110010 (base 2) in base 14?
-49866
What is 10001110010011110011 (base 2) in base 10?
582899
Convert 331331403 (base 6) to base 5.
3010443031
What is -a6035 (base 15) in base 7?
-4322063
What is 436533 (base 8) in base 2?
100011110101011011
Convert 10323003 (base 4) to base 2.
100111011000011
Convert -132552540 (base 7) to base 2.
-100000101011101110101111
Convert 1a1e7 (base 16) to base 6.
2143143
111123222 (base 4) to base 9
143370
-5251402 (base 6) to base 16
-3e6ba
-10133134303 (base 5) to base 8
-47654506
Convert -313220110 (base 4) to base 12.
-aba44
101000000011010 (base 2) to base 16
501a
512347 (base 8) to base 5
20403231
What is -3405 (base 7) in base 3?
-1200120
What is -222120131 (base 4) in base 10?
-173597
What is -4265266 (base 9) in base 14?
-4376bd
What is 767738 (base 9) in base 10?
458414
Convert -7c68b (base 14) to base 13.
-a7c95
10100000001011001001 (base 2) to base 12
277809
512345 (base 8) to base 7
1303156
What is -500254 (base 10) in base 6?
-14415554
What is -7413780 (base 11) in base 14?
-1a4128c
What is -10a4340 (base 11) in base 6?
-105122010
-12133310333 (base 4) to base 10
-1703231
What is -22202111010 (base 3) in base 12?
-83926
45502073 (base 8) to base 5
10011124001
Convert 2513270 (base 9) to base 5.
322221400
101013131 (base 5) to base 9
680625